
Suppose l + 5*i - 5641 = 0, 0 = -4*l + 4*i + 22417 + 267. Is l prime?
False
Let s(h) = -6*h - 2. Let q be s(-1). Suppose -4341 = -5*r - q*d + 997, -12 = 4*d. Is (-84)/(-8)*r/15 prime?
False
Suppose -14*h = -378560 - 48426. Is h a prime number?
False
Let n = 27561 - 12428. Is n composite?
True
Suppose 0*v + 18 = -2*v. Let m(j) = 2*j**2 - 5*j - 1. Let s(d) = -5*d**2 + 10*d + 2. Let p(l) = v*m(l) - 4*s(l). Is p(-8) a composite number?
False
Suppose -b - 110 = 4*b. Let a = 16 + b. Let k = 19 + a. Is k prime?
True
Let m be 333/(-63) - -5 - 51/(-7). Suppose 4199 = y - m*i + 5*i, y - 5*i - 4196 = 0. Is y a composite number?
False
Let u = -2 - -3. Is 779/2 - u/2 composite?
False
Let p = 22039 + -10776. Suppose 5*x = -2*i + p, -4*i - 1 = -3*i. Is x a prime number?
False
Suppose 5*w - 60 - 10 = 0. Let t(b) = b**2 - 9*b + 1. Let s(v) = -v. Let a(r) = -6*s(r) + t(r). Is a(w) a prime number?
False
Let n be ((-2)/(-6))/(6/738). Suppose z + 3 = y + 2, -n = -5*y - 4*z. Suppose 0 = 5*c + y*m - 1070, -3*m + 618 = 3*c - 8*m. Is c prime?
True
Is 4/8*(1436 - -6) a composite number?
True
Suppose 4*m - 2738 = -2*x, -x + 150 = 5*m - 3280. Let j = m - 146. Is j a composite number?
False
Suppose -760*h + 757*h = -92841. Is h composite?
True
Suppose 0 = -5*h + 4*u + 778, -h - 4*u - 462 = -4*h. Is h a composite number?
True
Let z = 155 + 104. Is z prime?
False
Let x(l) be the third derivative of -l**6/120 - 2*l**5/15 + l**4/8 + l**3/3 - 14*l**2. Let f be x(6). Let z = -225 - f. Is z a composite number?
True
Let y be 3 + -2 + 2874 + 1. Is (y/10)/(6/15) prime?
True
Let r = -46 + 28. Is r/30 + (-4076)/(-10) composite?
True
Suppose -5*c - 5463 = 13*z - 14*z, 5*c - 10986 = -2*z. Is z prime?
True
Suppose -3*i = -i - 4. Let m(s) = 54*s**2 - 2*s + 3. Is m(i) a composite number?
True
Let g = -24 + 27. Suppose -17 - 13 = -g*h. Is h composite?
True
Suppose d = 3*d - 18. Let g(i) = -2*i**3 + 6*i**2 + 7*i + 13. Let n be g(d). Let t = n - -1849. Is t a composite number?
False
Suppose -5*a + 144521 = -5*p - 150969, -a + 3*p + 59108 = 0. Is a composite?
False
Suppose -3*s + 9717 = 3*b, 4*s = -0*s - 20. Suppose 3*i + 772 = b. Let y = i + -371. Is y a composite number?
True
Let o = 1329 - 206. Is o composite?
False
Suppose -p - 5 = -u, 0 = -3*u - 0*u - 5*p + 7. Suppose 3*g + 8 = 4*j, u*g - 4*j = 5*g - 8. Suppose -2*v + 243 + 79 = g. Is v a composite number?
True
Let m(l) = l**3 + 3*l**2 - l - 1. Let u be m(-3). Suppose 4*y = q - 594, 4*q = 2*y + u*q + 300. Let a = y + 231. Is a prime?
True
Let z = 171708 + -77791. Is z a composite number?
True
Is (28/(-6) - -1)/(10/(-12930)) a prime number?
False
Suppose 5*m + 24 = 2*m. Let z = -12 - m. Let i = z - -81. Is i a prime number?
False
Suppose 4*k + 42 = 5*c - 3*c, 3*c + 17 = -2*k. Let w be (k/(-4))/((-2)/(-4)). Suppose -q = w*j + 3*q - 1997, 4*q = 4*j - 1576. Is j a composite number?
False
Let p(t) = 2*t**2 - 115*t - 106. Let y be p(59). Let n be (-1764)/(-8) - (-2)/(-4). Let z = n - y. Is z a composite number?
False
Is (-6)/45 - (224870/75)/(-2) a composite number?
False
Suppose -d = 4, 88*c - d = 91*c - 125651. Is c a composite number?
True
Let q be 10/35 + (-4)/14. Suppose q = 2*l - 326 + 1162. Is (3 - l/3)*3 a composite number?
True
Let f = -16 + 20. Is ((-526)/f)/(9/(-18)) a prime number?
True
Let b(o) = 13*o**3 - 3*o**2 + 4*o - 5. Let h = 58 + -52. Is b(h) a composite number?
False
Let q(w) = -5*w - 21. Let o be q(-4). Is (-1591)/(-5) + (-72)/(-40) + o a prime number?
False
Suppose 0*f - 2*f + 2 = 0. Let n be -2267 + (0 - 2/f). Is (n - 3)/(-4) - 3 composite?
True
Suppose -5*t = -4*p + 151, -3*p + 90 = -2*t - 18. Let v = p + -30. Suppose 669 = v*k - k. Is k a prime number?
True
Let l(z) = 291*z - 5. Let r be l(-6). Let g = -690 - r. Is g composite?
False
Suppose -61646 = -5*p - 5*g - 7871, -53771 = -5*p - 3*g. Is p composite?
False
Is (-1)/(-7)*-1 + (-16779752)/(-658) composite?
True
Is (-72248)/(5 + -13) + -2 composite?
False
Suppose -i + 310 = -3*d - 384, d + 692 = i. Is i prime?
True
Let x(v) = -v**3 - 5*v**2 - 3*v + 100. Let t(b) = b**2 + b - 1. Let c(m) = 5*t(m) + x(m). Let o(r) = -r - 4. Let s be o(-4). Is c(s) composite?
True
Suppose 42 = -6*h - 12. Let p(s) = -279*s - 16. Is p(h) composite?
True
Suppose 6*g + 4 = 5*g. Let k be (-2)/g*(-3 - -5). Suppose k = r, 2046 = 5*h + 3*r + 578. Is h prime?
True
Let p(o) = 2*o**2 + 7*o + 4. Suppose 0 = -2*t - 18. Let j be p(t). Suppose 3*a - 154 = r - 0*r, -2*a + r = -j. Is a a composite number?
True
Suppose 16 + 4 = 4*p. Suppose 0 = -p*l + 2*t + 179, -4*l = -3*l - 5*t - 22. Is l prime?
True
Suppose 4*k = -4*v + 43540 + 10536, 0 = v - 5*k - 13543. Is v composite?
False
Suppose 9807 = 5*a - t - t, a + 5*t - 1956 = 0. Is a a composite number?
True
Let n(d) = -4*d + 65*d**2 - 4 - 58*d**2 + 2*d + 0*d. Is n(3) a prime number?
True
Let g(c) = -18*c + 16*c + 53*c**2 + 36*c**2 - 1. Is g(-2) a prime number?
True
Let t(k) = -3*k. Let m be t(1). Let i(s) = -s - 3. Let w be i(m). Suppose w = -3*r + 3*j + 108, 0*j + 2*j - 113 = -3*r. Is r composite?
False
Suppose -o + y = -0*y - 2, 3*y + 2 = 5*o. Let i be (-1 - -1)*o/(-6). Suppose 67 = -i*v + v. Is v a prime number?
True
Suppose -48 + 206 = d. Is d a composite number?
True
Is (19/((-285)/6))/(2/(-140710)) composite?
True
Suppose 4*o - 3732 = 52744. Is o prime?
False
Suppose -557*r = -553*r - 41708. Is r a composite number?
False
Suppose -5*i - 17460 = -8*i. Let v = i + -4111. Is v a composite number?
False
Suppose 720 = 5*v - 4*w - 14091, 0 = -2*v + 4*w + 5922. Is v a prime number?
True
Suppose 0 = -29*b - 123615 + 1577008. Is b a composite number?
True
Let b be (3 - 4 - 2) + 4. Is 2/6 + b*(-12316)/(-6) prime?
True
Let g(t) = 43*t**3 - 5*t**2 - 36*t + 29. Is g(10) prime?
True
Let h(o) = 3*o + 22 - 16 - 5*o. Let d = 3 - 5. Is h(d) prime?
False
Let a(k) = -k**3 + 5*k**2 + k - 2. Let n be a(-5). Suppose n = 4*h - 0*i - 5*i, 2*i - 144 = -2*h. Let f = h + -45. Is f a composite number?
True
Let g = -337 - -402. Is g a composite number?
True
Let r(k) = 6*k**2 + 50*k - 11. Let x(p) = p**2 + 10*p - 2. Let n(j) = 2*r(j) - 11*x(j). Is n(-7) prime?
False
Suppose -213 = -2*g + 5*j - 69, g = 4*j + 69. Is g composite?
True
Let n = 2045 - -5244. Is n a composite number?
True
Let g(j) = j**3 - 5*j**2 - 4*j - 8. Let q be g(6). Suppose 4*i - q*c - 367 = 5, 4*c = -i + 113. Is i a prime number?
True
Suppose -6*s - 8*s + 18452 = 0. Is s a prime number?
False
Is (-4)/(-6) + (77376/9 - -7) a composite number?
True
Suppose 4*v - 77514 - 90034 = 0. Is v a prime number?
True
Suppose 0 = g - r - 1241, 8*g = 6*g - 4*r + 2494. Is g a composite number?
True
Suppose 12*o + 133804 - 710008 = 0. Is o a prime number?
True
Let k = 348 - 105. Let y = -120 + k. Is y prime?
False
Let d(p) = -1714*p + 861. Is d(-25) composite?
False
Suppose -4*f - 32 = 12. Let c(s) = s**2 + 10*s - 15. Let m be c(f). Is (-2)/m*(517 + 9) prime?
True
Let m = -2 + 0. Let h be 2 + -1 + 2 + m. Is -1*(12 - h)*-1 composite?
False
Let o(i) = 824*i - 337. Is o(11) composite?
True
Let t(l) = 774*l**2 + 3*l + 8. Is t(-2) composite?
True
Let h(n) = -n + 17. Let t be h(12). Suppose -a - 1012 = -t*a. Suppose 0 = -5*j + 1057 + a. Is j prime?
False
Let y(b) = 15017*b**2 - 9*b - 9. Is y(-2) a prime number?
True
Let u be 6/(-10)*(1 - 6). Suppose 6 = -z + u*z. Suppose -450 = -3*n + z*v, 0*v + 299 = 2*n - v. Is n a prime number?
True
Let x = 8312 - 2557. Is x prime?
False
Let s = 1099 + -672. Let f = s - -480. Is f prime?
True
Suppose 2*w - 752 = -6*w. Suppose 2*m = 4*y + w, 5*m - 4*y - 55 = 4*m. Is m a prime number?
False
Is ((-1)/3)/((-8)/144168) a composite number?
False
Suppose 28*u = 25*u + 54. Suppose f = 1051 + u. Is f prime?
True
Let m(f) = -29*f - 2. Let u(t) = 57*t + 5. Let c(p) = -7*m(p) - 4*u(p). Let a be -15 + 7 + 3*1. Is c(a) a composite number?
True
Let y = 244 - 482. Let h = -155 - y. Is h composite?
False
Suppose -164195 = -5*h + 7*n - 2*n, 0 = 2*h + n - 65690. Is h a prime number?
True
Let a be 1/4 + 1557/12. Let z = 1 - 1. Suppose z*h = -2*h + a. Is h a composite number?
True
Let d(u) = -311*u - 20. Let x(q) = -207*q - 13. Let h(t) = -5*d(t) + 8*x(t). Suppose 0 = 5*s - 5 + 20. Is h(s) a composite number?
True
Let q(o) = o**2 - 6*o - 3. Let f be q(5). Let m = 10 + f. Is (-3)/m*(-1910)/15 prime?
True
Let l(s) 